{"id":18656,"date":"2021-04-07T10:07:41","date_gmt":"2021-04-07T08:07:41","guid":{"rendered":"https:\/\/www.garagebeer.co\/?page_id=18656"},"modified":"2021-04-07T12:25:35","modified_gmt":"2021-04-07T10:25:35","slug":"receta-right","status":"publish","type":"page","link":"https:\/\/garagebeer.co\/cat\/receta-right\/","title":{"rendered":"Receta Right"},"content":{"rendered":"<p>RIGHT Estilo: NEIPA ABV: 6.7% Hazy IPA elaborada como parte de un d\u00fao para mostrar c\u00f3mo se expresan los l\u00fapulos particulares cuando se elabora en formato\u00a0 NEIPA y en formato West Coast IPA. Ambas cervezas se elaboran con el mismo ABV pero con las diferencias que definen cada estilo desde el agua, los ingredientes, los [&hellip;]<\/p>\n \t\t<div class=\"woocommerce\">\n\t\t\t<div class=\"woocommerce-info wc-memberships-restriction-message wc-memberships-message wc-memberships-content-restricted-message\">\n\t\t\t\tEsta receta solo est\u00e1 disponible para miembros del Garage Beer Club, si a\u00fan no eres miembro, puedes hacerlo aqui: <span class=\"wc-memberships-products-grant-access\"><a href=\"https:\/\/garagebeer.co\/cat\/producte\/club-standard\/\">Membres\u00eda STANDARD Garage Beer Club<\/a>, <a href=\"https:\/\/garagebeer.co\/cat\/producte\/club-imperial\/\">Membres\u00eda IMPERIAL Garage Beer Club<\/a> or <a href=\"https:\/\/garagebeer.co\/cat\/producte\/club-session\/\">Membres\u00eda SESSION Garage Beer Club<\/a><\/span>, si ya eres miembro reg\u00edstrate para acceder\t\t    <\/div>\n\t\t<\/div>\n\t\t","protected":false},"excerpt":{"rendered":"<p>RIGHT Estilo: NEIPA ABV: 6.7% Hazy IPA elaborada como parte de un d\u00fao para mostrar c\u00f3mo se expresan los l\u00fapulos particulares cuando se elabora en formato\u00a0 NEIPA y en formato West Coast IPA. Ambas cervezas se elaboran con el mismo ABV pero con las diferencias que definen cada estilo desde el agua, los ingredientes, los [&hellip;]<\/p>\n<div class=\"woocommerce\">\n<div class=\"woocommerce-info wc-memberships-restriction-message wc-memberships-message wc-memberships-content-restricted-message\">\n\t\t\t\tEsta receta solo est\u00e1 disponible para miembros del Garage Beer Club, si a\u00fan no eres miembro, puedes hacerlo aqui: <span class=\"wc-memberships-products-grant-access\"><a href=\"https:\/\/garagebeer.co\/cat\/producte\/club-standard\/\">Membres\u00eda STANDARD Garage Beer Club<\/a>, <a href=\"https:\/\/garagebeer.co\/cat\/producte\/club-imperial\/\">Membres\u00eda IMPERIAL Garage Beer Club<\/a> or <a href=\"https:\/\/garagebeer.co\/cat\/producte\/club-session\/\">Membres\u00eda SESSION Garage Beer Club<\/a><\/span>, si ya eres miembro reg\u00edstrate para acceder\t\t    <\/div>\n<\/p><\/div>\n","protected":false},"author":4,"featured_media":0,"parent":0,"menu_order":0,"comment_status":"closed","ping_status":"open","template":"","meta":{"_acf_changed":false,"footnotes":""},"class_list":["post-18656","page","type-page","status-publish","hentry","membership-content","access-restricted"],"acf":[],"_links":{"self":[{"href":"https:\/\/garagebeer.co\/cat\/wp-json\/wp\/v2\/pages\/18656","targetHints":{"allow":["GET"]}}],"collection":[{"href":"https:\/\/garagebeer.co\/cat\/wp-json\/wp\/v2\/pages"}],"about":[{"href":"https:\/\/garagebeer.co\/cat\/wp-json\/wp\/v2\/types\/page"}],"author":[{"embeddable":true,"href":"https:\/\/garagebeer.co\/cat\/wp-json\/wp\/v2\/users\/4"}],"replies":[{"embeddable":true,"href":"https:\/\/garagebeer.co\/cat\/wp-json\/wp\/v2\/comments?post=18656"}],"version-history":[{"count":8,"href":"https:\/\/garagebeer.co\/cat\/wp-json\/wp\/v2\/pages\/18656\/revisions"}],"predecessor-version":[{"id":18701,"href":"https:\/\/garagebeer.co\/cat\/wp-json\/wp\/v2\/pages\/18656\/revisions\/18701"}],"wp:attachment":[{"href":"https:\/\/garagebeer.co\/cat\/wp-json\/wp\/v2\/media?parent=18656"}],"curies":[{"name":"wp","href":"https:\/\/api.w.org\/{rel}","templated":true}]}}