{"id":678,"date":"2019-10-15T15:02:33","date_gmt":"2019-10-15T13:02:33","guid":{"rendered":"https:\/\/www.garagebeer.co\/?page_id=678"},"modified":"2023-10-15T20:37:01","modified_gmt":"2023-10-15T18:37:01","slug":"politica-privacidad","status":"publish","type":"page","link":"https:\/\/garagebeer.co\/cat\/politica-privacidad\/","title":{"rendered":"Pol\u00edtica de privacidad"},"content":{"rendered":"<div data-elementor-type=\"wp-post\" data-elementor-id=\"678\" class=\"elementor elementor-678\" data-elementor-post-type=\"page\">\n\t\t\t\t\t\t<section class=\"elementor-section elementor-top-section elementor-element elementor-element-360f5a4 elementor-section-full_width elementor-section-height-default elementor-section-height-default\" data-id=\"360f5a4\" data-element_type=\"section\" data-e-type=\"section\">\n\t\t\t\t\t\t<div class=\"elementor-container elementor-column-gap-default\">\n\t\t\t\t\t<div class=\"elementor-column elementor-col-100 elementor-top-column elementor-element elementor-element-16612d4\" data-id=\"16612d4\" data-element_type=\"column\" data-e-type=\"column\">\n\t\t\t<div class=\"elementor-widget-wrap elementor-element-populated\">\n\t\t\t\t\t\t<div class=\"elementor-element elementor-element-5aad90f elementor-widget elementor-widget-heading\" data-id=\"5aad90f\" data-element_type=\"widget\" data-e-type=\"widget\" data-widget_type=\"heading.default\">\n\t\t\t\t\t<h2 class=\"elementor-heading-title elementor-size-default\">Pol\u00edtica de\nPrivacidad<\/h2>\t\t\t\t<\/div>\n\t\t\t\t\t<\/div>\n\t\t<\/div>\n\t\t\t\t\t<\/div>\n\t\t<\/section>\n\t\t\t\t<section class=\"elementor-section elementor-top-section elementor-element elementor-element-0e08309 elementor-section-full_width elementor-reverse-tablet elementor-reverse-mobile elementor-section-height-default elementor-section-height-default\" data-id=\"0e08309\" data-element_type=\"section\" data-e-type=\"section\">\n\t\t\t\t\t\t<div class=\"elementor-container elementor-column-gap-default\">\n\t\t\t\t\t<div class=\"elementor-column elementor-col-100 elementor-top-column elementor-element elementor-element-b42e912\" data-id=\"b42e912\" data-element_type=\"column\" data-e-type=\"column\">\n\t\t\t<div class=\"elementor-widget-wrap elementor-element-populated\">\n\t\t\t\t\t\t<section class=\"elementor-section elementor-inner-section elementor-element elementor-element-f247631 elementor-section-full_width elementor-reverse-tablet elementor-reverse-mobile elementor-section-height-default elementor-section-height-default\" data-id=\"f247631\" data-element_type=\"section\" data-e-type=\"section\">\n\t\t\t\t\t\t<div class=\"elementor-container elementor-column-gap-default\">\n\t\t\t\t\t<div class=\"elementor-column elementor-col-100 elementor-inner-column elementor-element elementor-element-a01665d\" data-id=\"a01665d\" data-element_type=\"column\" data-e-type=\"column\">\n\t\t\t<div class=\"elementor-widget-wrap elementor-element-populated\">\n\t\t\t\t\t\t<div class=\"elementor-element elementor-element-a28010e elementor-widget elementor-widget-text-editor\" data-id=\"a28010e\" data-element_type=\"widget\" data-e-type=\"widget\" data-widget_type=\"text-editor.default\">\n\t\t\t\t\t\t\t\t\t<p>La presente Pol\u00edtica de Privacidad ha sido desarrollada teniendo en cuenta lo dispuesto en el<br \/>Reglamento 2016\/679 del Parlamento Europeo y del consejo del 27 de abril de 2016 relativo a la<br \/>protecci\u00f3n de las personas f\u00edsicas en lo que respecta al tratamiento de datos personales y a la circulaci\u00f3n<br \/>de estos datos, en adelante el RGPD, as\u00ed como en la Ley Org\u00e1nica 3\/2018, de 5 de diciembre, de<br \/>Protecci\u00f3n de Datos y derechos digitales (en lo sucesivo, LOPDGDD) y dem\u00e1s normativa aplicable.<br \/>Esta Pol\u00edtica de Privacidad tiene por objeto poner en conocimiento a las personas f\u00edsicas que faciliten sus<br \/>datos personales, y\/o los de la persona a la que representa, respecto de los cuales se est\u00e1 recabando<br \/>informaci\u00f3n, los aspectos espec\u00edficos relativos al tratamiento sus datos, las finalidades de los<br \/>tratamientos, los datos de contacto para ejercer los derechos que le asisten, los plazos de conservaci\u00f3n<br \/>de la informaci\u00f3n y las medidas de seguridad, entre otras cosas.<\/p><p>A continuaci\u00f3n, se indican los datos de contacto del Responsable del Tratamiento:<br \/>o Identidad del responsable: CERVECEROS GARAGE SL (B66285586 )<br \/>o Direcci\u00f3n f\u00edsica: C\/ CONSELL DE CENT, 261 BJS, 08011, BARCELONA, BARCELONA<br \/>o Correo electr\u00f3nico: info@garagebeer.co<br \/>o Tel\u00e9fono: 93 360 79 40<\/p><p>En esta entidad se enmarca la figura de delegado de protecci\u00f3n de datos, con quien se podr\u00e1 poner en<br \/>contacto a trav\u00e9s de la siguiente direcci\u00f3n de correo electr\u00f3nico: , o mediante escrito dirigido al domicilio de<br \/>esta entidad a la atenci\u00f3n del \u201cDelegado de Protecci\u00f3n de Datos\u201d.<\/p><p>\u00bfQU\u00c9 DATOS PERSONALES TRATAMOS?<br \/>Toda la informaci\u00f3n recabada por parte de CERVECEROS GARAGE SL ser\u00e1 tratada de forma leal, l\u00edcita<br \/>y transparente.<br \/>Asimismo, los datos solicitados en cada uno de los tratamientos realizados consistir\u00e1n \u00fanicamente en<br \/>aquellos estrictamente imprescindibles para realizar la finalidad pretendida e informada en cada caso.<br \/>De este modo, sus datos recogidos ser\u00e1n adecuados, pertinentes y no excesivos en relaci\u00f3n con los<br \/>fines para los que son tratados en cada caso. Por lo que, sus datos personales ser\u00e1n recogidos para<br \/>finalidades determinadas expl\u00edcitas y leg\u00edtimas, no siendo tratados ulteriormente de manera con<br \/>incompatible con dichos fines. Adem\u00e1s, ser\u00e1n actualizados siempre que sea necesario.<\/p><p>En t\u00e9rminos generales, en el marco de los distintos tratamientos de actividades realizadas en la<br \/>organizaci\u00f3n, se recaban los siguiente tipos:<br \/>o Datos de car\u00e1cter identificativos.<br \/>o Datos acad\u00e9micos, profesionales y de formaci\u00f3n<br \/>o Datos de detalle de empleo<br \/>o Datos de car\u00e1cter administrativo<br \/>o Datos de car\u00e1cter judicial<br \/>o Informaci\u00f3n Comercial.<br \/>o Transacciones de bienes y servicios.<br \/>o Econ\u00f3micos y Financieros.<br \/>o Circunstancias sociales.<br \/>o Detalles del Empleo.<br \/>o Caracter\u00edsticas personales.<br \/>o Datos de categor\u00eda Especial.<\/p><p>\u00bfDE D\u00d3NDE PROCEDEN LOS DATOS PERSONALES?<br \/>Por regla general, los datos personales se recogen siempre directamente del titular de los mismos, no<br \/>obstante, en determinadas excepciones, los datos pueden ser recogidos a trav\u00e9s de terceras personas,<br \/>entidades o servicios diferentes del interesado.<br \/>En este sentido, este extremo ser\u00e1 trasladado al interesado a trav\u00e9s de las cl\u00e1usulas informativas<br \/>contenidas en las diferentes v\u00edas de recogida de informaci\u00f3n y dentro de un plazo razonable o en la<br \/>primera comunicaci\u00f3n realizada al interesado.<\/p><p>\u00bfCON QU\u00c9 FINALIDAD Y CASOS ESPEC\u00cdFICOS CON QUE TRATAMOS<br \/>LOS DATOS PERSONALES?<br \/>En t\u00e9rminos generales, se tratan los datos personales con las siguientes finalidades:<br \/>o Gesti\u00f3n de registro como usuario: La informaci\u00f3n que nos facilites en el formulario de registro se<br \/>tratar\u00e1 para la gesti\u00f3n de los usuarios en nuestras plataformas. Tras dicho registro, podr\u00e1s consultar<br \/>tu historial de pedidos, canjear tarjetas de regalo o vales de descuento, modificar tus datos<br \/>personales y\/o direcciones de env\u00edo y facturaci\u00f3n, listas de deseos, valoraciones o alertas.<br \/>o Gesti\u00f3n, cumplimiento y ejecuci\u00f3n del contrato de compra: En concreto, se utilizar\u00e1n los datos<br \/>personales para la formalizaci\u00f3n del contrato de compra; para la gesti\u00f3n pago de transacciones; para<br \/>contactarle en caso de cualquier incidencia relacionada con tu pedido; para la gesti\u00f3n de la<br \/>facturaci\u00f3n y entrega de tickets y facturas de compra; para la gesti\u00f3n de las devoluciones de<br \/>productos adquiridos; para informarte sobre la disponibilidad de los productos solicitados; y\/o para la<br \/>gesti\u00f3n de cupones o tarjetas regalos que canjees en la web o nuestras tiendas.<br \/>o Newsletters: cuando se haya autorizado previamente, por email, fax, SMS, MMS, comunidades<br \/>sociales o cualquier otro medio electr\u00f3nico o f\u00edsico, presente o futuro, que posibilite realizar comunicaciones comerciales, as\u00ed como remitir el bolet\u00edn de noticias de la p\u00e1gina web. Estas<br \/>comunicaciones ser\u00e1n realizadas por el Responsable o alguna de las empresas del grupo del<br \/>Responsable, relacionadas sobre sus productos y servicios, o de sus colaboradores o proveedores<br \/>con los que se haya alcanzado alg\u00fan acuerdo de promoci\u00f3n. En este caso, los terceros nunca<br \/>tendr\u00e1n acceso a los datos personales.<br \/>o Newletter: Enviar informaci\u00f3n a trav\u00e9s de los medios proporcionados acerca de las novedades,<br \/>noticias, productos y servicios relacionados con nosotros o nuestro sector.<br \/>o Remisi\u00f3n de comunicaciones comerciales publicitarias env\u00edo de comunicaciones o eventos<br \/>comerciales sobre productos o servicios similares a los contratados, promociones y\/o ofertas.<br \/>o Contacto: Con la finalidad de dar respuesta a tu solicitud, trataremos los datos indispensables, que<br \/>generalmente se corresponden con los datos de contacto (email) y los datos relacionados con tu<br \/>pedido, o con la incidencia que nos comunique, as\u00ed como responder a las solicitudes de informaci\u00f3n<br \/>recibidas sobre los productos y servicios que se ofrecen o cualquier tipo de petici\u00f3n que sea<br \/>realizada por el usuario a trav\u00e9s de cualquiera de las formas de contacto que se ponen a su<br \/>disposici\u00f3n<br \/>Cuando utilice las redes sociales para transmitirnos las consultas, evite introducir datos de car\u00e1cter<br \/>personal, recuerda que no tenemos el control sobre los datos introducidos en estas plataformas, por<br \/>lo que aconsejamos que lea detenidamente las pol\u00edticas de privacidad de la red social desde la que<br \/>act\u00fae.<br \/>o Contacto: responder a las solicitudes de informaci\u00f3n recibidas sobre los productos y servicios que<br \/>se ofrecen, as\u00ed como dar respuesta a cualquier otro tipo de pregunta que env\u00eden los usuarios.<br \/>Encuestas: Para la realizaci\u00f3n de encuesta del servicio de atenci\u00f3n al cliente y\/o calidad de nuestros<br \/>productos realizadas por el Responsable o alguna de las empresas del grupo del Responsable. Con la<br \/>finalidad de mejorar estos servicios, trataremos tus datos personales al objeto de obtener informaci\u00f3n<br \/>sobre nuestros productos o sobre la atenci\u00f3n prestada por nuestro servicio de atenci\u00f3n al cliente.<br \/>o Clientes: llevar a cabo la gesti\u00f3n de venta de bienes y servicios, facturaci\u00f3n, contabilidad, cobros,<br \/>impagos, ofertas, presupuestos y contratos, atenci\u00f3n al cliente, contacto y relaciones comerciales.<br \/>o Clientes Potenciales: Realizar seguimiento y oportunidades comerciales para la organizaci\u00f3n.<br \/>o Proveedores: llevar a cabo la gesti\u00f3n de compras, contabilidad, pagos, gesti\u00f3n de albaranes y<br \/>pedidos, contacto y relaciones comerciales.<br \/>Videovigilancia: Controlar el acceso a las instalaciones de la organizaci\u00f3n y velar por la seguridad de los<br \/>bienes y las personas de la empresa.<br \/>o Candidatos: Realizar procesos internos de selecci\u00f3n de personal, tanto actuales como futuros.<br \/>o Registros de Llamadas: Atender de manera eficiente a las llamadas telef\u00f3nicas realizas a la<br \/>organizaci\u00f3n, con posibilidad de grabaci\u00f3n de las mismas.<br \/>o Elaboraci\u00f3n de perfiles: Utilizar sus datos, para confeccionar un perfil comercial seg\u00fan sus h\u00e1bitos<br \/>de consumo, caracter\u00edsticas personales y sociales. La confecci\u00f3n del perfil no reportar\u00e1 en ning\u00fan<br \/>caso la toma de decisiones automatizadas que puedan ser perjudiciales para el usuario.<br \/>Con los datos personales recabados no se elaboraran perfiles ni se realizar\u00e1n decisiones automatizadas.<br \/>No obstante, todas las finalidades expl\u00edcitas para las cuales se llevan a cabo cada uno de los<br \/>tratamientos vienen recogido en las cl\u00e1usulas informativas incorporadas en cada una de las v\u00edas de toma<br \/>de datos (formularios web, formularios en papel, locuciones o carteles y notas informativas, facturas,<br \/>contratos y dem\u00e1s documentos que contengan datos personales).<\/p><p>\u00bfC\u00d3MO SE REALIZA LA ELABORACI\u00d3N DE PERFILES?<br \/>CERVECEROS GARAGE SL podr\u00e1 elaborar un perfil comercial en base a la informaci\u00f3n facilitada por el<br \/>interesado y las interacciones de este con los contenidos ofrecidos con la finalidad de enviarle<br \/>informaci\u00f3n personalizada acerca de nuestros productos o servicios, incluso por medios electr\u00f3nicos. La<br \/>base legitimadora del perfilado es el inter\u00e9s leg\u00edtimo de CERVECEROS GARAGE SL de conocer el perfil<br \/>del interesado en sus comunicaciones y servicios para ofrecerle informaci\u00f3n y contenidos personalizados<br \/>adaptados a sus intereses y actividad. No se tomar\u00e1n decisiones automatizadas con base en dicho perfil.<br \/>El Usuario en cualquier momento podr\u00e1 oponerse al perfilado de su informaci\u00f3n a trav\u00e9s del canal<br \/>habilitado al efecto.<br \/>\uf0b7 Suscripci\u00f3n de nuestras Newsletters. Trataremos tus datos identificativos y de contacto para enviarte<br \/>informaci\u00f3n personalizada sobre nuestros productos, promociones, ofertas, as\u00ed como de productos y<br \/>ofertas de nuestros socios. Para llevar a cabo esta finalidad elaboramos un perfil de los usuarios que<br \/>nos permite personalizar la informaci\u00f3n que te remitimos, adecu\u00e1ndose a los gustos y preferencias<br \/>que conocemos en base a tus h\u00e1bitos de navegaci\u00f3n, historial de compras, o incluso, de la<br \/>informaci\u00f3n recabada mediante el uso de cookies y otras tecnolog\u00edas similares (para m\u00e1s<br \/>informaci\u00f3n sobre el uso de cookies visita nuestra Pol\u00edtica de Cookies)<br \/>\uf0b7 Otros fines de marketing y publicidad: Utilizaremos tus datos para sugerirte productos u ofertas<br \/>basadas en el perfil que creas seg\u00fan tu historial de compras, los productos que visualizas cuando<br \/>navegas por nuestras plataformas, o los productos que dejas en tu carrito cuando no finalizas el<br \/>proceso de compra. Estas sugerencias pueden llegar a ti mediante notificaciones push, banners o<br \/>incluso a tu correo mediante la funci\u00f3n de carrito abandonado. Igualmente, trataremos tus datos para<br \/>mostrarte publicidad en otras p\u00e1ginas, apps o redes sociales que frecuentes. Esta publicidad suele<br \/>basarse en un perfil creado seg\u00fan las compras realizadas, tu historial de compra o preferencias<\/p><p>\u00bfCU\u00c1L ES LA LEGITIMACI\u00d3N PARA EL TRATAMIENTO DE LOS DATOS?<br \/>Por regla general, previo al tratamiento de los datos personales,\u00a0CERVECEROS GARAGE SLinforma de<br \/>la base jur\u00eddica por la cual establece la legitimaci\u00f3n del tratamiento en cuesti\u00f3n.<\/p><p>No obstante, en la organizaci\u00f3n se pueden tratar informaci\u00f3n de car\u00e1cter personal para:<br \/>o Cumplimiento de obligaciones Legales y regulatorias: \u00a0A t\u00edtulo enunciativo y no limitativo. Ley<br \/>General para la Defensa de los Consumidores y Usuarios, Ley General Tributaria, Ley de Impuestos<br \/>de Sociedades, Ley de Auditor\u00eda de Cuentas, Ley del Impuesto sobre el Valor A\u00f1adido, C\u00f3digo Civil,<br \/>C\u00f3digo de Comercio, as\u00ed como la existencia de una ley o norma espec\u00edfica que autorice o exija el<br \/>tratamiento de los datos del interesado, la cual se enunciar\u00e1 en la cl\u00e1usula informativa<br \/>correspondiente.<br \/>o Ejecuci\u00f3n de un Contrato: para la gesti\u00f3n previa de un servicio o producto contratado, desarrollo de<br \/>la ejecuci\u00f3n de un contrato o posteriores gestiones derivadas de dichas operaciones.<br \/>o Consentimiento: existen tratamientos basados en la obtenci\u00f3n del consentimiento expreso e<br \/>inequ\u00edvoco del titular de los mismos, mediante la incorporaci\u00f3n de cl\u00e1usulas de consentimiento<br \/>informado en los diferentes sistemas de recogida de informaci\u00f3n prestando el consentimiento<br \/>mediante una declaraci\u00f3n o una clara acci\u00f3n afirmativa como el marcado de una casilla dispuesta al<br \/>efecto o la suscripci\u00f3n del documento oportuno o mediante el env\u00edo de datos a trav\u00e9s de los medios<br \/>de contacto indicados. Adicionalmente, te informamos que s\u00f3lo usaremos la informaci\u00f3n de car\u00e1cter personal en virtud de esta Pol\u00edtica de Privacidad y, con car\u00e1cter general, solicitaremos tu<br \/>consentimiento para usos con fines distintos de aqu\u00e9llos para los cuales los otorgaste inicialmente.<br \/>o Inter\u00e9s leg\u00edtimo: el tratamiento de datos basado inter\u00e9s leg\u00edtimo del responsable, se establecer\u00e1,<br \/>principalmente, para el env\u00edo de comunicaciones o eventos comerciales sobre productos o servicios<br \/>similares a los contratados. Seg\u00fan el art\u00edculo 21.2 de la Ley de Servicios de la Sociedad de la<br \/>Informaci\u00f3n, este tratamiento solo ser\u00e1 v\u00e1lido cuando, siendo cliente, no se haya negado<br \/>expresamente al momento de recogida de los datos o en cualquiera de las comunicaciones que<br \/>realicemos.<\/p><p>\u00bfDURANTE CU\u00c1NTO TRATAMOS LOS DATOS PERSONALES?<br \/>En http:\/\/garagebeer.co\/ se tratan los datos personales durante el tiempo necesario para cumplir con la<br \/>finalidad para la que fueron recogidos, mientras se mantenga la prestaci\u00f3n del servicio o la relaci\u00f3n<br \/>laboral o contractual, exista un inter\u00e9s mutuo y\/o durante el tiempo previsto en la normativa<br \/>correspondiente<br \/>Cumplidos los criterios de plazos establecidos, los datos ser\u00e1n cancelados. Dicha cancelaci\u00f3n dar\u00e1 lugar<br \/>al bloqueo de los datos conserv\u00e1ndose \u00fanicamente a disposici\u00f3n de las Administraciones P\u00fablicas,<br \/>Jueces y Tribunales, para atender las posibles responsabilidades nacidas del tratamiento, durante el<br \/>plazo de prescripci\u00f3n de \u00e9stas, cumplido el citado plazo se proceder\u00e1 a la destrucci\u00f3n de la informaci\u00f3n.<\/p><p>Por regla general,\u00a0CERVECEROS GARAGE SL no procede a la cesi\u00f3n o comunicaci\u00f3n de sus datos a<br \/>terceras entidades, salvo las requeridas legalmente.<\/p><p>Asimismo le informamos de la transferencia de datos fuera del Espacio Econ\u00f3mico Europeo, basada en<br \/>la existencia de garant\u00edas adecuadas de conformidad con el RGPD y quedando estas garant\u00edas a<br \/>disposici\u00f3n de quien las solicite expresamente a info@garagebeer.co.<br \/>En concreto, se establecen las siguientes garant\u00edas:<br \/>o El pa\u00eds o pa\u00edses a los que se transfieren los datos ha\/n sido declarado\/s de nivel de protecci\u00f3n<br \/>adecuado por la comisi\u00f3n europea.<br \/>o Existe un instrumento jur\u00eddicamente vinculante y exigible entre las autoridades u organismos<br \/>p\u00fablicos.<br \/>o La transferencia se realiza entre empresas del grupo a las que pertenece el respnsable del<br \/>tratamiento y tienen aprobadas, por la autoridad de control competente, normas corporativas<br \/>vinculantes de conformidad con el art\u00edculo 47 del RGPD.<\/p><p>\u00bfQU\u00c9 DERECHOS PUEDES EJERCER?<br \/>Seg\u00fan la normativa europea los derechos que le asisten son los siguientes:<br \/>Derecho de Acceso, derecho a solicitar informaci\u00f3n al responsable de un fichero sobre si sus datos<br \/>personales est\u00e1n siendo tratados.<br \/>o Derecho de Rectificaci\u00f3n, derecho que permite a la persona afectada solicitar la modificaci\u00f3n de<br \/>datos que sean inexactos o incompletos.<br \/>o Derecho de Oposici\u00f3n, derecho de una persona a oponerse al tratamiento de sus datos personales<br \/>o el cese de \u00e9stos.<br \/>o Derecho de Decisiones individuales automatizadas, derecho a no ser objeto de una decisi\u00f3n<br \/>basada \u00fanicamente en el tratamiento automatizado, incluida la elaboraci\u00f3n de perfiles, que produzca<br \/>efectos jur\u00eddicos en \u00e9l o le afecte significativamente de modo similar<br \/>o Derecho de Limitaci\u00f3n, derecho a suspender el tratamiento de los datos personales del usuario en<br \/>determinados supuestos<br \/>o Derecho de Supresi\u00f3n u Olvido, derecho a supresi\u00f3n de los datos personales del interesado<br \/>o Derecho de Portabilidad, derecho a solicitar al responsable del tratamiento que se le faciliten los<br \/>datos personales en un formato estructurado y claro a otro responsable.<br \/>o Derecho a presentar una reclamaci\u00f3n ante la autoridad de control competente si considera que el<br \/>tratamiento no se ajusta a la normativa vigente.<\/p><p>\u00bfC\u00d3MO EJERCER SUS DERECHOS?<br \/>El solicitante puede ejercer sus derechos a trav\u00e9s de los siguientes medios:<br \/>o Email a info@garagebeer.co aportando documentaci\u00f3n que acredite la identidad del solicitante<br \/>(copia del anverso del Documento Nacional de Identidad, o equivalente)<br \/>o Correo postal a C\/ CONSELL DE CENT, 261 BJS, 08011, BARCELONA, BARCELONA aportando<br \/>documentaci\u00f3n que acredite la identidad<\/p><p>En cualquier caso, puede solicitar la tutela de la Agencia Espa\u00f1ola de Protecci\u00f3n de Datos a trav\u00e9s de su<br \/>p\u00e1gina web<br \/>En este sentido,\u00a0CERVECEROS GARAGE SL\u00a0atender\u00e1 su solicitud a la mayor brevedad posible y<br \/>teniendo en cuenta los plazos previstos en la normativa en materia de protecci\u00f3n de datos.<br \/>\u00bfCU\u00c1LES PODR\u00cdAN SER LAS CONSECUENCIAS DE NO FACILITAR LA<br \/>INFORMACI\u00d3N?<br \/>Los datos solicitados en los campos establecidos marcados con un asterisco (*) o los proporcionados en<br \/>los documentos o medios d\u00f3nde se presta la informaci\u00f3n, son aquellos estrictamente necesarios en<br \/>relaci\u00f3n con la finalidad para la cual se recaban, o bien para la prestaci\u00f3n de un servicio \u00f3ptimo al<br \/>interesado o mediante una obligaci\u00f3n legal impuesta al propio responsable del tratamiento o un requisito<br \/>necesario para suscribir un contrato, siendo voluntaria la inclusi\u00f3n de datos en los campos restantes.<br \/>En caso de que no sean facilitados todos los datos, no se garantiza que la informaci\u00f3n y servicios<br \/>facilitados sean completamente ajustados a sus necesidades.<br \/>Por lo que en el supuesto de que no se faciliten los datos exigidos o se realice de forma err\u00f3nea o<br \/>incompleta, no se podr\u00e1 atender su solicitud, resultando del todo imposible proporcionarle la informaci\u00f3n<br \/>solicitada o llevar a cabo la contrataci\u00f3n de los servicios.<br \/>Del mismo modo, el usuario garantiza que la informaci\u00f3n transmitida en cualquiera de los formularios es<br \/>veraz, exacta y se corresponde con datos propios de los que es titular.\u00a0<br \/>Los servicios de nuestras plataformas no est\u00e1n previstos para menores de edad, por lo que solo se<br \/>permite el registro de personas mayores de 18 a\u00f1os, en caso contrario se advierte que las posibles<br \/>responsabilidades que pudieran devengarse como consecuencia del uso de nuestras Plataformas ser\u00e1n<br \/>de cuenta de los padres o tutores del menor.\u00a0<br \/>Para evitar el uso de nuestros servicios por menores de edad, tratamos de verificar la edad de nuestros<br \/>usuarios cuando formalizan su registro mediante la solicitud de su fecha de nacimiento.\u00a0<\/p><p>\u00bfQU\u00c9 MEDIDAS DE SEGURIDAD TENEMOS IMPLANTADAS?<br \/>Las medidas de seguridad adoptadas por\u00a0CERVECEROS GARAGE SL\u00a0son aquellas requeridas, de<br \/>conformidad con lo establecido en el art\u00edculo 32 del RGPD.<br \/>En este sentido,\u00a0CERVECEROS GARAGE SL\u00a0teniendo en cuenta el estado de la t\u00e9cnica, los costes de<br \/>aplicaci\u00f3n y la naturaleza, el alcance, el contexto y los fines del tratamiento, as\u00ed como los riesgos de<br \/>probabilidad y gravedad variables para los derechos y las libertades de las personas f\u00edsicas, tiene<br \/>establecidas las medidas t\u00e9cnicas y organizativas apropiadas para garantizar el nivel de seguridad<br \/>adecuado al riesgo existente.<br \/>En todo caso,\u00a0CERVECEROS GARAGE SL\u00a0tiene implementados los mecanismos suficientes para:<br \/>\uf0b7 Garantizar la confidencialidad, integridad, disponibilidad y resiliencia permanentes de los sistemas y<br \/>servicios de tratamiento.<br \/>\uf0b7 Restaurar la disponibilidad y el acceso a los datos personales de forma r\u00e1pida, en caso de incidente<br \/>f\u00edsico o t\u00e9cnico.<br \/>\uf0b7 Verificar, evaluar y valorar, de forma regular, la eficacia de las medidas t\u00e9cnicas y organizativas<br \/>implantadas para garantizar la seguridad del tratamiento.<\/p><p>CAMBIOS EN ESTA POLITICA DE PRIVACIDAD<br \/>Eventualmente, esta Pol\u00edtica de Privacidad puede ser revisada con el fin de actualizar los cambios en la<br \/>legislaci\u00f3n vigente, actualizar los procedimientos de recogida y uso de la informaci\u00f3n de car\u00e1cter<br \/>personal, la aparici\u00f3n de nuevos servicios o la exclusi\u00f3n de otros. Estos cambios ser\u00e1n vigentes a partir<br \/>de su publicaci\u00f3n en la web, por lo que es importante que revises regularmente esta Pol\u00edtica de<br \/>Privacidad con el fin de permanecer informado sobre los cambios habidos.<\/p>\t\t\t\t\t\t\t\t<\/div>\n\t\t\t\t\t<\/div>\n\t\t<\/div>\n\t\t\t\t\t<\/div>\n\t\t<\/section>\n\t\t\t\t\t<\/div>\n\t\t<\/div>\n\t\t\t\t\t<\/div>\n\t\t<\/section>\n\t\t\t\t<\/div>","protected":false},"excerpt":{"rendered":"<p>Pol\u00edtica de Privacidad La presente Pol\u00edtica de Privacidad ha sido desarrollada teniendo en cuenta lo dispuesto en elReglamento 2016\/679 del Parlamento Europeo y del consejo del 27 de abril de 2016 relativo a laprotecci\u00f3n de las personas f\u00edsicas en lo que respecta al tratamiento de datos personales y a la circulaci\u00f3nde estos datos, en adelante [&hellip;]<\/p>\n","protected":false},"author":2,"featured_media":0,"parent":0,"menu_order":0,"comment_status":"closed","ping_status":"open","template":"","meta":{"_acf_changed":false,"footnotes":""},"class_list":["post-678","page","type-page","status-publish","hentry"],"acf":[],"_links":{"self":[{"href":"https:\/\/garagebeer.co\/cat\/wp-json\/wp\/v2\/pages\/678","targetHints":{"allow":["GET"]}}],"collection":[{"href":"https:\/\/garagebeer.co\/cat\/wp-json\/wp\/v2\/pages"}],"about":[{"href":"https:\/\/garagebeer.co\/cat\/wp-json\/wp\/v2\/types\/page"}],"author":[{"embeddable":true,"href":"https:\/\/garagebeer.co\/cat\/wp-json\/wp\/v2\/users\/2"}],"replies":[{"embeddable":true,"href":"https:\/\/garagebeer.co\/cat\/wp-json\/wp\/v2\/comments?post=678"}],"version-history":[{"count":6,"href":"https:\/\/garagebeer.co\/cat\/wp-json\/wp\/v2\/pages\/678\/revisions"}],"predecessor-version":[{"id":35232,"href":"https:\/\/garagebeer.co\/cat\/wp-json\/wp\/v2\/pages\/678\/revisions\/35232"}],"wp:attachment":[{"href":"https:\/\/garagebeer.co\/cat\/wp-json\/wp\/v2\/media?parent=678"}],"curies":[{"name":"wp","href":"https:\/\/api.w.org\/{rel}","templated":true}]}}