{"id":43624,"date":"2025-05-08T11:33:58","date_gmt":"2025-05-08T09:33:58","guid":{"rendered":"https:\/\/garagebeer.co\/?post_type=product&#038;p=43624"},"modified":"2025-09-26T15:28:30","modified_gmt":"2025-09-26T13:28:30","slug":"soup-rakau","status":"publish","type":"product","link":"https:\/\/garagebeer.co\/cat\/producte\/soup-rakau\/","title":{"rendered":"SOUP RAKAU"},"content":{"rendered":"<p>SOUP RAKAU. SOPA RAKAU&#8230;.. Bastante nueva en nuestra plantilla, es como si Jay-z ( mosaic ) y Beyonce ( citra ) hubieran adoptado un hijo ant\u00edpoda y lo hubieran llamado Stone Fruit. Los l\u00fapulos neozelandeses como el Rakau est\u00e1n realmente a la \u00faltima, con un equilibrio perfecto de caracter\u00edsticas frutales, resinosas y dank. Aqu\u00ed nos encontramos con un mont\u00f3n de albaricoque y melocot\u00f3n, que siempre combinan bien con el mango y el maracuy\u00e1, siempre presentes, de Citra y Mosaic, y un toque de dankness que aparece como un zumbido de fondo.<\/p>\n<p>&nbsp;<\/p>\n<p>SOUP RAKAU&#8230;.. New enough to our roster, it&#8217;s like Jay-z (mosaic) and Beyonce (citra) adopted an antipodean child and called it Stone Fruit. New Zealand hops such as Rakau really are leading the way with the perfect balance of Fruit, resinous and dank charateristics. Here we are dealt heaps of Apricots &amp; Peaches, which just always pair well with the ever present mango and passion fruit from Citra and Mosaic and a hint of dankness coming through, just humming in the background.<\/p>","protected":false},"excerpt":{"rendered":"<p>SOUP RAKAU CON CITRA, MOSAIC Y RAKAU<\/p>","protected":false},"featured_media":43206,"template":"","meta":{"_acf_changed":false},"product_brand":[],"product_cat":[227,128,238],"product_tag":[39,35,48,37,681,211,813],"class_list":{"0":"post-43624","1":"product","2":"type-product","3":"status-publish","4":"has-post-thumbnail","6":"product_cat-hoppy","7":"product_cat-ipa","8":"product_cat-latas","9":"product_tag-citra","10":"product_tag-ipa","11":"product_tag-mosaic","12":"product_tag-neipa","13":"product_tag-rakau","14":"product_tag-soup","15":"product_tag-soup-rakau","16":"member-discount","17":"discount-restricted","19":"first","20":"outofstock","21":"featured","22":"taxable","23":"shipping-taxable","24":"purchasable","25":"product-type-simple"},"bundled_by":["27518","44740"],"bundle_stock_status":"outofstock","bundle_stock_quantity":0,"bundle_virtual":false,"bundle_layout":"","bundle_add_to_cart_form_location":"","bundle_editable_in_cart":false,"bundle_sold_individually_context":"","bundle_item_grouping":"","bundle_min_size":"","bundle_max_size":"","bundle_price":[],"bundled_items":[],"bundle_sell_ids":[],"acf":[],"_links":{"self":[{"href":"https:\/\/garagebeer.co\/cat\/wp-json\/wp\/v2\/product\/43624","targetHints":{"allow":["GET"]}}],"collection":[{"href":"https:\/\/garagebeer.co\/cat\/wp-json\/wp\/v2\/product"}],"about":[{"href":"https:\/\/garagebeer.co\/cat\/wp-json\/wp\/v2\/types\/product"}],"wp:featuredmedia":[{"embeddable":true,"href":"https:\/\/garagebeer.co\/cat\/wp-json\/wp\/v2\/media\/43206"}],"wp:attachment":[{"href":"https:\/\/garagebeer.co\/cat\/wp-json\/wp\/v2\/media?parent=43624"}],"wp:term":[{"taxonomy":"product_brand","embeddable":true,"href":"https:\/\/garagebeer.co\/cat\/wp-json\/wp\/v2\/product_brand?post=43624"},{"taxonomy":"product_cat","embeddable":true,"href":"https:\/\/garagebeer.co\/cat\/wp-json\/wp\/v2\/product_cat?post=43624"},{"taxonomy":"product_tag","embeddable":true,"href":"https:\/\/garagebeer.co\/cat\/wp-json\/wp\/v2\/product_tag?post=43624"}],"curies":[{"name":"wp","href":"https:\/\/api.w.org\/{rel}","templated":true}]}}