{"id":47032,"date":"2026-04-24T14:39:45","date_gmt":"2026-04-24T12:39:45","guid":{"rendered":"https:\/\/garagebeer.co\/?post_type=product&#038;p=47032"},"modified":"2026-04-24T14:45:47","modified_gmt":"2026-04-24T12:45:47","slug":"soup-nectaron","status":"publish","type":"product","link":"https:\/\/garagebeer.co\/cat\/producte\/soup-nectaron\/","title":{"rendered":"SOUP NECTARON"},"content":{"rendered":"<h2 data-start=\"0\" data-end=\"58\"><strong>SOUP NECTARON &#8211; IPA 7% SPECIAL EDITION FOR SOUP DAY 2026<\/strong><\/h2>\n<p data-start=\"60\" data-end=\"353\">SOUP NECTARON es nuestra IPA de 7% creada especialmente para SOUP DAY 2026, una edici\u00f3n especial que celebra el l\u00fapulo Nectaron, una de las variedades m\u00e1s interesantes del hemisferio sur. Hermana directa de Waimea, destaca por su perfil intensamente c\u00edtrico, tropical y con toques resinosos.<\/p>\n<p data-start=\"355\" data-end=\"689\">En esta receta hemos trabajado el l\u00fapulo para maximizar su expresi\u00f3n: a\u00f1adimos Citra en whirlpool para potenciar los aromas c\u00edtricos desde el inicio de la fermentaci\u00f3n, mientras que el dry hop se carga con un 50% de Nectaron, acompa\u00f1ado de Citra y Mosaic para lograr un equilibrio perfecto entre fruta madura, frescor y complejidad.<\/p>\n<p data-start=\"691\" data-end=\"774\">Una IPA jugosa, arom\u00e1tica y explosiva, ideal para los amantes del l\u00fapulo moderno.<\/p>\n<hr data-start=\"776\" data-end=\"779\" \/>\n<h3 data-start=\"781\" data-end=\"839\"><strong>SOUP NECTARON &#8211; IPA 7% SPECIAL EDITION FOR SOUP DAY 2026<\/strong><\/h3>\n<p data-start=\"841\" data-end=\"1088\">SOUP NECTARON is our 7% IPA brewed as a special release for SOUP DAY 2026, showcasing Nectaron, one of the most exciting southern hemisphere hops. A sister hop to Waimea, it brings an intense citrus-forward profile with tropical and piney notes.<\/p>\n<p data-start=\"1090\" data-end=\"1340\">We designed this recipe to highlight its full potential: using Citra in the whirlpool to push bright citrus aromas early in fermentation, and loading the dry hop with 50% Nectaron, balanced with Citra and Mosaic for depth, freshness and complexity.<\/p>\n<p data-start=\"1342\" data-end=\"1405\">A juicy, aromatic and punchy IPA built for modern hop lovers.<\/p>\n<hr data-start=\"1407\" data-end=\"1410\" \/>\n<h4 data-start=\"1412\" data-end=\"1470\"><strong>SOUP NECTARON &#8211; IPA 7% SPECIAL EDITION FOR SOUP DAY 2026<\/strong><\/h4>\n<p data-start=\"1472\" data-end=\"1772\">SOUP NECTARON \u00e9s la nostra IPA de 7% creada especialment per al SOUP DAY 2026, una edici\u00f3 especial que posa el focus en el ll\u00fapol Nectaron, una de les varietats m\u00e9s interessants de l\u2019hemisferi sud. Germana directa de Waimea, destaca per un perfil intensament c\u00edtric, tropical i amb notes resinoses.<\/p>\n<p data-start=\"1774\" data-end=\"2069\">En aquesta recepta hem treballat el ll\u00fapol per treure\u2019n el m\u00e0xim potencial: afegint Citra al whirlpool per potenciar els aromes c\u00edtrics des de l\u2019inici de la fermentaci\u00f3, i carregant el dry hop amb un 50% de Nectaron, combinat amb Citra i Mosaic per aconseguir equilibri, frescor i complexitat.<\/p>\n<p data-start=\"2071\" data-end=\"2151\" data-is-last-node=\"\" data-is-only-node=\"\">Una IPA sucosa, arom\u00e0tica i explosiva, pensada per als amants del ll\u00fapol modern.<\/p>","protected":false},"excerpt":{"rendered":"<p><strong>SOUP NECTARON &#8211; IPA 7% SPECIAL EDITION FOR SOUP DAY 2026<\/strong><\/p>","protected":false},"featured_media":46948,"template":"","meta":{"_acf_changed":false},"product_brand":[],"product_cat":[129,227,238],"product_tag":[39,676,35,48,697,37,211,663],"class_list":{"0":"post-47032","1":"product","2":"type-product","3":"status-publish","4":"has-post-thumbnail","6":"product_cat-dipas","7":"product_cat-hoppy","8":"product_cat-latas","9":"product_tag-citra","10":"product_tag-hazy","11":"product_tag-ipa","12":"product_tag-mosaic","13":"product_tag-nectaron","14":"product_tag-neipa","15":"product_tag-soup","16":"product_tag-soup-day","17":"member-discount","18":"discount-restricted","20":"first","21":"instock","22":"taxable","23":"shipping-taxable","24":"purchasable","25":"product-type-simple"},"bundled_by":[],"bundle_stock_status":"instock","bundle_stock_quantity":50,"bundle_virtual":false,"bundle_layout":"","bundle_add_to_cart_form_location":"","bundle_editable_in_cart":false,"bundle_sold_individually_context":"","bundle_item_grouping":"","bundle_min_size":"","bundle_max_size":"","bundle_price":[],"bundled_items":[],"bundle_sell_ids":[],"acf":[],"_links":{"self":[{"href":"https:\/\/garagebeer.co\/cat\/wp-json\/wp\/v2\/product\/47032","targetHints":{"allow":["GET"]}}],"collection":[{"href":"https:\/\/garagebeer.co\/cat\/wp-json\/wp\/v2\/product"}],"about":[{"href":"https:\/\/garagebeer.co\/cat\/wp-json\/wp\/v2\/types\/product"}],"wp:featuredmedia":[{"embeddable":true,"href":"https:\/\/garagebeer.co\/cat\/wp-json\/wp\/v2\/media\/46948"}],"wp:attachment":[{"href":"https:\/\/garagebeer.co\/cat\/wp-json\/wp\/v2\/media?parent=47032"}],"wp:term":[{"taxonomy":"product_brand","embeddable":true,"href":"https:\/\/garagebeer.co\/cat\/wp-json\/wp\/v2\/product_brand?post=47032"},{"taxonomy":"product_cat","embeddable":true,"href":"https:\/\/garagebeer.co\/cat\/wp-json\/wp\/v2\/product_cat?post=47032"},{"taxonomy":"product_tag","embeddable":true,"href":"https:\/\/garagebeer.co\/cat\/wp-json\/wp\/v2\/product_tag?post=47032"}],"curies":[{"name":"wp","href":"https:\/\/api.w.org\/{rel}","templated":true}]}}